he remainder when m is divided by s(-1).
16
Suppose -231 + 56 = 25*l. What is the remainder when 62 is divided by (l - -13) + -3 + -2 + 36?
25
Let b = 412 - 338. Suppose -30 = 4*a - 130. Calculate the remainder when b is divided by a.
24
Let m = 1824 + -1472. What is the remainder when m is divided by 20?
12
Let n(t) = -110*t + 627. What is the remainder when n(-23) is divided by 13?
11
Suppose -130*d + 5*r - 912 = -131*d, -4*r + 3648 = 4*d. What is the remainder when d is divided by 18?
12
Let s = -317 + 332. What is the remainder when (57/(-2))/(12/(-80)) is divided by s?
10
Let h = 11936 + -11763. Calculate the remainder when h is divided by 36.
29
Let n(v) = v**2 - 6*v + 2. Let j be n(6). Suppose -j*c = -6*c. Suppose -5*l + 60 = -c*l. What is the remainder when 23 is divided by l?
11
Let v(n) = n - 12. Let h(t) = -t**2 + 5*t + 10. Let a be h(5). Let f be v(a). Calculate the remainder when (-254)/f - (-2)/1 is divided by 44.
41
Let z(k) = -k**2 - 3*k + 4. Suppose 6*t + 240 = 11*t. Suppose -t = 8*m - 14*m. Calculate the remainder when m is divided by z(-3).
0
What is the remainder when 14/(-12) + (-89670)/(-1260) is divided by 1?
0
Let p(s) = -s**3 + 7*s**2 + 7*s + 3. Let v be p(7). Suppose -j = -8 - v. What is the remainder when j is divided by 17?
9
Let g = -6811 + 9690. Calculate the remainder when g is divided by 9.
8
Let v = -219 + 219. Suppose v = f + f - 530. Calculate the remainder when f is divided by 14.
13
Let r(a) = -a**3 - 48*a**2 - 612*a - 93. What is the remainder when r(-19) is divided by 80?
26
Let b(w) = w**3 + 11*w**2 + 9*w + 14. Let i be ((-40)/12)/(10/(-6) + 2). What is the remainder when 213 is divided by b(i)?
21
Let q(v) = 93*v - 40. Let r be q(-4). Calculate the remainder when r/12*(0 + 1)*-6 is divided by 23.
22
Suppose 0 = -1200*j + 1205*j - n - 264, 0 = -4*j - n + 222. Suppose 368 = -5*y - 937. Calculate the remainder when j is divided by (2/(-3))/(6/y).
25
Suppose -21*h + 2816 = -1489. Suppose 105*q = 86*q + 798. Calculate the remainder when h is divided by q.
37
Let w be 342846/266 + 6/57. Let i = -546 + w. Calculate the remainder when i is divided by 62.
61
Let p(m) = m**3 + 9*m**2 - 3*m - 19. Let z be p(-9). Suppose 5*u + 99 = z*u. Let h = 70 - u. Calculate the remainder when h is divided by 8.
5
Let u(t) = 3*t - 8. What is the remainder when 371/53*204/14 is divided by u(7)?
11
Let h(m) = m**2 - 107*m + 326. What is the remainder when 5200/18 - 1/(-9) is divided by h(3)?
9
Suppose 0 = -0*f + 3*f - 126. Let x(g) = 2*g**2 + 7*g - 536. Calculate the remainder when x(-20) is divided by f.
40
Let y = -18 + 30. Suppose -y = -f - 2*f. Suppose -4*h - 32*n - 4 = -36*n, 0 = 4*h - 2*n - 2. What is the remainder when f is divided by h?
0
Let c = 182 + -180. Let r = 16 - c. Calculate the remainder when 87 is divided by r.
3
Suppose -21*d + 115 = 16*d - 1809. Calculate the remainder when 272 is divided by d.
12
Let c(k) = -k**3 - 10*k**2 - 11*k - 3. What is the remainder when c(-9) is divided by (1/(-4))/(13/(-156))?
0
Suppose 2707*r - 2694*r = 19968. What is the remainder when r is divided by 118?
2
Let g be (-9 - 2919/14) + 1/(-2). Let d = -201 - g. Calculate the remainder when 152 is divided by d.
16
Suppose -3*c - 16*c = -133. Let q be 33/18 + 3/18. Suppose 2*m = -4*a + 86, 5*m = q*a + 2*m - 31. Calculate the remainder when a is divided by c.
6
Suppose -55*c - 3*i - 1593 = -58*c, 0 = -3*c - i + 1601. Calculate the remainder when c is divided by 174.
11
Let k(v) be the first derivative of -v**3/3 - 21*v**2/2 - 7*v + 39. Calculate the remainder when k(-7) is divided by (-8)/(-14) - 314/(-14).
22
Suppose -b - 4*b - 10 = 0, 103 = 5*d + b. Suppose -1608 = -22*k + 592. Calculate the remainder when k is divided by d.
16
Suppose 2057 = 126*y - 5755. What is the remainder when 1008 is divided by y?
16
Suppose 0 = 4*q - 5*l - 1343 + 8, q - 3*l = 346. Calculate the remainder when q is divided by 163.
162
Let h(i) = -9 + 4 + 4 - 5*i**2 + 13 - i - i**3. What is the remainder when 338 is divided by h(-5)?
15
Suppose 161 + 59 = 5*q. Calculate the remainder when 320 is divided by q.
12
Suppose -60 = -3*l - 4*v, 3*v + 6 - 31 = -l. Suppose 38 + 24 = 2*u. Calculate the remainder when u is divided by l.
15
Let o = 519 - -406. Suppose -o = -3*v + 5*k, -1236 = -4*v + k + 3*k. Calculate the remainder when v is divided by 52.
50
Suppose 9*v - 994 + 202 = 0. Suppose 8*b - 84 - 20 = 0. What is the remainder when v is divided by b?
10
Suppose 20 = 3*p + p, -3*p = 5*v - 535. Suppose 15*h - 19*h = -v. Calculate the remainder when 99 is divided by h.
21
Let q = 31 + -28. Suppose 5*o = q*k + 300, o - 203 = -3*o - 5*k. Let f = -10 + 25. Calculate the remainder when o is divided by f.
12
Let x be 2*(-2)/4*158. Let l = -109 - x. Suppose 3*p = -0*p - 4*y + l, -4*p - y + 87 = 0. Calculate the remainder when 90 is divided by p.
21
Suppose -3*j + 4*o + o = -22, -3*j + 20 = -4*o. Suppose -g = -j*g + 285. What is the remainder when g is divided by ((-4536)/108)/((-35)/20)?
23
Let b(w) = 3*w - 8. Suppose 27*s - 16*s + 396 = 0. Let o(u) = -u**3 - 35*u**2 + 36*u + 15. What is the remainder when o(s) is divided by b(6)?
5
Suppose 0 = 1491*l - 1697*l + 814 + 4542. Let o = -343 + 651. Calculate the remainder when o is divided by l.
22
Let g be -5 - (-171)/33 - 158/22. Calculate the remainder when 25 is divided by 5 - (g + 13 - 8).
4
Suppose 63*a = -81*a + 3168. What is the remainder when a is divided by (-2)/(-3) - (-50)/6?
4
Let u = -23 - -25. Suppose -8*d + 300 = -3*d. Suppose -u*i - d = -8*i. What is the remainder when 36 is divided by i?
6
Let k(u) = -u + 15. Suppose 0 = 11*g - 13 + 46. Suppose 5*d - 8*d + 12 = 0. Calculate the remainder when k(g) is divided by d.
2
Suppose -35*w + 10*w = -50. Suppose 3*o - 46 = 2*o. Calculate the remainder when o is divided by w + 2/(4 + (-204)/52).
18
Let u = -1054 + 1062. What is the remainder when 140 is divided by u?
4
What is the remainder when (3 + -10*(-12)/30*-1)*-256 is divided by 62?
8
Let o = 4689 - 4590. Let x = -38 + 72. What is the remainder when o is divided by x?
31
Let h = 15 - 11. Let a be 1 + 348/h*1. Suppose a = -3*j + 7*j. Calculate the remainder when 84 is divided by j.
18
Suppose -28*o + 1568 = -2604. What is the remainder when 2229 is divided by o?
143
Let b(p) = 3 + 9*p**3 - 2 - 5*p - p**2 + 15*p**3 - 5 - 86*p**3. What is the remainder when b(-1) is divided by 18?
8
Let m(y) = -y**3 + 17*y**2 - 40*y + 3. Calculate the remainder when m(-7) is divided by 58.
9
Calculate the remainder when ((242/33)/(-11))/((-4)/3438) is divided by 8.
5
Suppose 5*q = -0 + 10. Suppose 47 = u + 4*o, 2*u + q*o = u + 43. Calculate the remainder when u is divided by 21.
18
Suppose 5*b - 7 - 55 = -d, 2*d = 4*b - 44. Let y = b - 4. What is the remainder when y is divided by (0 + 2 + -1)*2?
0
Let s = 7094 - 7060. Suppose 0 = 3*w - 2*w - 9. What is the remainder when s is divided by w?
7
Let d = -26 + 81. Suppose g - 5*p = 20, 4*g - 65 = 2*p + 3*p. What is the remainder when g is divided by 4/22 - (-210)/d?
3
Let l = 233 + -132. Let n = -220 + 239. Suppose 4*m = n + l. What is the remainder when m is divided by 4?
2
Suppose 2*m - 2*t - 252 = 0, -m + 258 = m - 4*t. Let a be ((-4)/(-2))/((-3)/((-3435)/(-10))). Let x = a - -260. Calculate the remainder when m is divided by x.
30
Let p = 2857 + -2721. Calculate the remainder when 556 is divided by p.
12
Suppose 30 = -17*n + 7*n. What is the remainder when 1464/(-36)*n/2 is divided by 14?
5
Suppose 0 = -4*y - 3*w - 171, y + w + 14 = -28. Let b = 18 - 3. What is the remainder when (-1 - 0)/1 - (y + 19) is divided by b?
10
Let i = 5171 - 5056. Calculate the remainder when 148 is divided by i.
33
Suppose 0*c - 2*a = -3*c + 718, 0 = 4*a - 16. Let d = 22495 + -22468. Calculate the remainder when c is divided by d.
26
Let p(j) be the first derivative of 11*j**2/2 - 109*j - 120. What is the remainder when 191 is divided by p(11)?
11
Suppose 72 = 17*a - 13*a. Let f(m) = -m. Let y be f(-3). Suppose -b + 200 = y*b. Calculate the remainder when b is divided by a.
14
What is the remainder when 3106/(-2)*(41 + -42) is divided by 17?
6
Let i(c) = 35*c**3 - 3*c**2 + 3*c - 2. Suppose 0 = -5*m - 10, 7*q + 2*m + 10 = 10*q. Calculate the remainder when i(q) is divided by 55.
52
Suppose 5*u - 775 = 